11, 13
Suppose 4*h + 3*o = 7, 3*h = 8*h - 5*o. Let w = h + 4. Suppose 4*s + 22 = 3*x, 0*s + w*s + 18 = -x. List the prime factors of x.
2
Let x(n) = 21*n**2 + 3*n + 1. What are the prime factors of x(-2)?
79
Suppose 5*g + 2*z + 6 = 3*g, 5*g = -2*z. Let l(j) = -1 + j**g - 9*j + 0*j**2 + 0*j**2 - 6. List the prime factors of l(11).
3, 5
Let v(j) = 3*j**2 + j. Let h be v(-1). List the prime factors of (h - -20)*(-2)/(-4).
11
Suppose -5*x + x + 4*q = 0, -5*x + q = 4. Let n = x - -10. What are the prime factors of n?
3
Let w = 7 - 5. Suppose 5*t - 2*g = 88, -3*g - 24 = -w*t - 5*g. Suppose 0*q - t = -2*q + m, 2*q - 5*m = 0. List the prime factors of q.
2, 5
Let c(f) = f**3 + 9*f**2 - 7*f - 15. Let g be c(-7). Suppose 9*v = 5*v + g. What are the prime factors of v?
3, 11
Let t be (-1)/4 + (-18)/(-8). Suppose 2*y = -4*w + 44, 2*y + 20 = -3*y. Suppose w = t*a - 5. What are the prime factors of a?
3
Let z(u) = 3*u**2 + 7*u - 4. Let m(t) = -4*t**2 - 8*t + 5. Let l(f) = -6*m(f) - 7*z(f). List the prime factors of l(-3).
2, 7
Let q(l) = -3*l + 4. List the prime factors of q(-6).
2, 11
Let g be 1 + -1 + 6/3. Suppose -4*q = q - g*w - 128, -q - w = -20. List the prime factors of q.
2, 3
Suppose -146 = -4*f + 386. Suppose -3*x - x = -i - f, -3*x + i = -99. Suppose 0 = 3*y - 23 - x. What are the prime factors of y?
19
Let u be (-326)/(-10) + (-8)/(-20). Let j = u + -7. List the prime factors of j.
2, 13
Suppose 81 = -0*t + 4*t + v, -102 = -5*t - v. What are the prime factors of t?
3, 7
Let h = -35 + 99. What are the prime factors of h?
2
Suppose 0 = 10*b - 8*b - 474. List the prime factors of b.
3, 79
Suppose -3*m + 10 = 2*m. Suppose m*b - 11 - 15 = 0. List the prime factors of b.
13
Let m = 26 - -1. Suppose -2*k - m + 67 = 0. List the prime factors of k.
2, 5
Let q(p) be the first derivative of 11*p**3/3 - p**2 - p - 3. Let d(k) = k**2 - 4*k + 2. Let x be d(3). What are the prime factors of q(x)?
2, 3
Let p(k) = k - 4. Let r be p(6). Suppose 2*x + 2*x - 64 = 0. Suppose -12 = -o - 3*o - 5*a, x = 3*o + r*a. What are the prime factors of o?
2
Let x = 45 - 5. List the prime factors of x.
2, 5
Suppose 10 = -13*q + 8*q. Let r = q - 25. List the prime factors of (306/r)/((-4)/6).
17
Let s = -20 - -44. What are the prime factors of s?
2, 3
Let g(q) = 3*q - 1. Let z = 2 + 0. Suppose z*c - 6*c = -12. What are the prime factors of g(c)?
2
Let l be ((-15)/(-4))/3*-4. Suppose 6*w = 11*w - 125. List the prime factors of (-44)/l - (-5)/w.
3
Let w = -139 - -247. What are the prime factors of w?
2, 3
Suppose 0 = 4*t - 24 - 16. Suppose -2*w + 7*w = t. Suppose -w*u - 33 = -5*u. List the prime factors of u.
11
Let n be -3 + 0 + 1 + -4. Let t = 9 + n. List the prime factors of t.
3
Let o be (-11 + 1)/(1/(-2)). Suppose -4*t = f - o, 2 = 4*t - 2*f - 6. What are the prime factors of t?
2
Suppose 0 = -0*p - 2*p. Let g(x) = 2*x**2 + 2*x. Let c be g(-2). Let r = c + p. List the prime factors of r.
2
Suppose -4*c + 8 = 5*t, -2*c + 3*t = -c - 19. Let u = c - 5. Suppose -u*p - k = 3*p - 75, -4*p + 61 = k. List the prime factors of p.
2, 7
Let i(p) = -p**3 + 2*p + 137. What are the prime factors of i(0)?
137
Let f(w) = -w**3 - 9*w**2 - 11*w - 4. Let m be (-4)/(-1)*(1 - 3). Let a be f(m). List the prime factors of a/2 + 6/3.
2, 3
Let d(n) = -n**3 - 8*n**2 - 11*n - 7. What are the prime factors of d(-7)?
3, 7
Let b(r) = 8*r - 44. Let z(x) = -3*x + 15. Let y(c) = -4*b(c) - 11*z(c). Let h(t) = t - 4. Let v be h(-5). What are the prime factors of y(v)?
2
Let i(p) = 12*p - 7. Let m be i(6). Suppose -5*y - m = -15. What are the prime factors of 2/(-3)*225/y?
3, 5
Let k be -4*(-3)/(24/28). Let n = k + 9. List the prime factors of n.
23
Suppose 276 = 5*a - 39. List the prime factors of a.
3, 7
Let y be (-544)/(-18) - (-2)/(-9). Let d be (y/(-12))/(1/(-2)). Suppose 25 = d*r - 15. What are the prime factors of r?
2
Suppose 4*h + 11 = 5*h. List the prime factors of h.
11
Let z be (-240)/(-56) - 2/7. Suppose -4*x - 10 = -x + z*g, 0 = -2*x + 4*g + 20. List the prime factors of x.
2
Suppose 4*g - 8 = 2*g. What are the prime factors of (-8)/3*(1 - g)?
2
Suppose 0 = -4*i + 16, 209 + 183 = 4*p + 2*i. List the prime factors of p.
2, 3
Let k(c) = c - 8. Let l be k(6). Let d be (19 - -2)*l/(-6). Suppose 2*x - d*x = -35. List the prime factors of x.
7
Suppose 3 = -3*m + 3*h, 4*m = m - 3*h + 15. Suppose -1 = -m*t + 5. Suppose p - t*p + 2*u = -26, 0 = -3*p - 2*u + 39. What are the prime factors of p?
13
Let q be 1 + 1*-3 + -1. Let w be -3 - 18*(-2)/(-4). Let a = q - w. What are the prime factors of a?
3
Suppose 7*h + 37 = 8*h. Let r = -15 + h. List the prime factors of r.
2, 11
Let q(p) = p**3 - 6*p**2 + p - 2. Let i(j) = -3*j - j**2 + 2*j**2 - 4*j + 6 - j. Let f be i(8). What are the prime factors of q(f)?
2
Let w be -1*(1 + 1 + -4). Suppose 4*j = j. Suppose -5*g - w*f + 64 = 0, g + 4*f = -j*g + 20. What are the prime factors of g?
2, 3
Let s = 20 + 26. What are the prime factors of s?
2, 23
Suppose 8*v - 12*v = -32. What are the prime factors of v?
2
Let d = 9 + -22. Let m = 3 - d. List the prime factors of m.
2
Suppose 89 = -4*u + u + a, 4*a + 120 = -5*u. Let s be 20/u - 4/14. What are the prime factors of s - ((-27)/3 + 0)?
2
Let a = 47 - -24. List the prime factors of a.
71
Suppose 5*a - 10 = 20. What are the prime factors of (2/a)/(1/9)?
3
Let r(q) = q**3 + 7*q**2 - 10*q - 6. Let a be r(-8). Suppose 4*l + l = -a. List the prime factors of 2/4*l + 12.
11
Let m = -8 + 17. Suppose -3 = -3*y + 6. Suppose 4*k - y*k - m = 0. What are the prime factors of k?
3
Suppose 5*b - c = 6, b - 18 = 2*c - 6*c. Suppose 2*k - b*h - 22 = -0*h, -k + 1 = 4*h. What are the prime factors of k?
3
Suppose 0 = -6*p + p + 35. Suppose p*c - 5*c = 24. List the prime factors of c.
2, 3
Let d = 86 - 35. What are the prime factors of d?
3, 17
Let l be -1 - (1 + 0 + 1). What are the prime factors of (6 + -3)*(-34)/l?
2, 17
Let i = 0 - -2. Suppose i*u + u = 18. What are the prime factors of u?
2, 3
Suppose 0*c = -4*o - 4*c + 116, 5*c = 4*o - 152. Let v = 115 + -68. Let d = v - o. What are the prime factors of d?
2, 7
Let g(h) = h**2 + 8*h + 14. Let o(n) = -n**3 - 9*n**2 - 7*n + 2. Let s be o(-8). List the prime factors of g(s).
2
Let b be (-30)/20*10/(-3). Suppose b*d - 16 = 3*d. What are the prime factors of d?
2
Let p = -3 + 22. Let r = 19 - 30. Let g = p + r. List the prime factors of g.
2
Suppose -16 = -0*u - 2*u. Suppose -26 + u = -3*y. List the prime factors of y.
2, 3
Let z(p) = 3*p**2 - 2*p + 2. Let j be z(2). Let u be (2 + (-16)/j)*5. Suppose 45 = u*l + 3*l - 5*g, 0 = -4*l + 3*g + 31. What are the prime factors of l?
2
Suppose -4*v + 30 + 12 = 3*l, -2 = -l. List the prime factors of v.
3
Let o(c) = 2*c**2 + 10*c + 3. Let x be o(-6). Let w = x + 24. List the prime factors of w.
3, 13
Suppose -4*c - 5 - 7 = 0. Let d be c/(-4) - (-10)/8. Suppose -b + 64 = 5*a, -d*a = 2*a - b - 53. List the prime factors of a.
13
Let s(p) = p**3 - 7*p**2 + 4*p + 6. Let x be s(6). List the prime factors of 2*3/(-18)*x.
2
Let t(n) = -n**3 - 4*n**2 + 3*n + 1. Let f = 10 + -3. Let k = -12 + f. List the prime factors of t(k).
11
Suppose -5*t = 17 - 7. Let g be (-2 + 0)/(-1) - t. Suppose g*p + 2 = 30. List the prime factors of p.
7
Suppose y = -y + 44. Let b = y + -16. Suppose -3*k - b = 4*l - 32, 0 = -4*k - l + 13. List the prime factors of k.
2
Suppose -4*o - 4*o = -392. What are the prime factors of o?
7
Suppose 3*x - 3 = -3*h, 1 = 2*h + 9. Let d = -1 + x. Suppose -d*b + 3*s = -31, 2*s + 3*s - 15 = 0. What are the prime factors of b?
2, 5
Let u(j) = j**2 - 6*j + 10. What are the prime factors of u(8)?
2, 13
Suppose 4*l = 2 + 6, 5*l - 7 = -j. Let h = 23 - j. What are the prime factors of h?
2, 13
Suppose -81 = 2*l - 3*l. List the prime factors of l.
3
Let b(w) = 5 + 2 - 3 - w + 2. List the prime factors of b(-6).
2, 3
Suppose k = 5*k - 8. Suppose 0*l - 42 = -k*l. What are the prime factors of l?
3, 7
Let c(u) = -3 + 1 + u**3 + 4*u - 2*u. Let f be c(2). What are the prime factors of (6/f)/(1/5)?
3
Let x(i) = 2*i + 10. Let f be x(-7). Let a = 28 + f. Let l = a - 9. What are the prime factors of l?
3, 5
Let r = -29 + 53. List the prime factors of r.
2, 3
Suppose -4*a + 956 = 4*k, -a + k = 3*a - 946. List the prime factors of a.
3, 79
Suppose 0 = -4*x - x +